{"id":1029,"date":"2023-02-28T10:29:14","date_gmt":"2023-02-28T10:29:14","guid":{"rendered":"https:\/\/vaidy.themeht.com\/?page_id=1029"},"modified":"2026-02-18T23:46:20","modified_gmt":"2026-02-18T22:46:20","slug":"testimonijali-healing-centar","status":"publish","type":"page","link":"https:\/\/healingcenter.me\/index.php\/testimonijali-healing-centar\/","title":{"rendered":"Testimonijali"},"content":{"rendered":"\t\t<div data-elementor-type=\"wp-page\" data-elementor-id=\"1029\" class=\"elementor elementor-1029\">\n\t\t\t\t\t\t<section class=\"elementor-section elementor-top-section elementor-element elementor-element-a701a1d elementor-section-boxed elementor-section-height-default elementor-section-height-default transparent\" data-id=\"a701a1d\" data-element_type=\"section\" data-e-type=\"section\">\n\t\t\t\t\t\t<div class=\"elementor-container elementor-column-gap-default\">\n\t\t\t\t\t<div class=\"elementor-column elementor-col-50 elementor-top-column elementor-element elementor-element-5830492\" data-id=\"5830492\" data-element_type=\"column\" data-e-type=\"column\">\n\t\t\t<div class=\"elementor-widget-wrap elementor-element-populated\">\n\t\t\t\t\t\t<div class=\"elementor-element elementor-element-88bcc3d themeht-accordion elementor-widget elementor-widget-accordion\" data-id=\"88bcc3d\" data-element_type=\"widget\" data-e-type=\"widget\" data-widget_type=\"accordion.default\">\n\t\t\t\t<div class=\"elementor-widget-container\">\n\t\t\t\t\t\t\t<div class=\"elementor-accordion\">\n\t\t\t\t\t\t\t<div class=\"elementor-accordion-item\">\n\t\t\t\t\t<div id=\"elementor-tab-title-1431\" class=\"elementor-tab-title\" data-tab=\"1\" role=\"button\" aria-controls=\"elementor-tab-content-1431\" aria-expanded=\"false\">\n\t\t\t\t\t\t\t\t\t\t\t\t\t<span class=\"elementor-accordion-icon elementor-accordion-icon-right\" aria-hidden=\"true\">\n\t\t\t\t\t\t\t\t\t\t\t\t\t\t\t<span class=\"elementor-accordion-icon-closed\"><svg class=\"e-font-icon-svg e-fas-plus\" viewBox=\"0 0 448 512\" xmlns=\"http:\/\/www.w3.org\/2000\/svg\"><path d=\"M416 208H272V64c0-17.67-14.33-32-32-32h-32c-17.67 0-32 14.33-32 32v144H32c-17.67 0-32 14.33-32 32v32c0 17.67 14.33 32 32 32h144v144c0 17.67 14.33 32 32 32h32c17.67 0 32-14.33 32-32V304h144c17.67 0 32-14.33 32-32v-32c0-17.67-14.33-32-32-32z\"><\/path><\/svg><\/span>\n\t\t\t\t\t\t\t\t<span class=\"elementor-accordion-icon-opened\"><svg class=\"e-font-icon-svg e-fas-minus\" viewBox=\"0 0 448 512\" xmlns=\"http:\/\/www.w3.org\/2000\/svg\"><path d=\"M416 208H32c-17.67 0-32 14.33-32 32v32c0 17.67 14.33 32 32 32h384c17.67 0 32-14.33 32-32v-32c0-17.67-14.33-32-32-32z\"><\/path><\/svg><\/span>\n\t\t\t\t\t\t\t\t\t\t\t\t\t\t<\/span>\n\t\t\t\t\t\t\t\t\t\t\t\t<a class=\"elementor-accordion-title\" tabindex=\"0\">Marko P.<\/a>\n\t\t\t\t\t<\/div>\n\t\t\t\t\t<div id=\"elementor-tab-content-1431\" class=\"elementor-tab-content elementor-clearfix\" data-tab=\"1\" role=\"region\" aria-labelledby=\"elementor-tab-title-1431\"><p data-start=\"23\" data-end=\"308\"><em data-start=\"39\" data-end=\"308\">&#8220;Posjetio sam Healing Centar zbog bolova u le\u0111ima koji su me mu\u010dili godinama. Nakon samo nekoliko tretmana Osteopatije, osje\u0107am ogromno pobolj\u0161anje. Osim \u0161to me prestao bol, povratila mi se energija i mnogo lak\u0161e obavljam svakodnevne aktivnosti. Toplo preporu\u010dujem!&#8221;<\/em><\/p><\/div>\n\t\t\t\t<\/div>\n\t\t\t\t\t\t\t<div class=\"elementor-accordion-item\">\n\t\t\t\t\t<div id=\"elementor-tab-title-1432\" class=\"elementor-tab-title\" data-tab=\"2\" role=\"button\" aria-controls=\"elementor-tab-content-1432\" aria-expanded=\"false\">\n\t\t\t\t\t\t\t\t\t\t\t\t\t<span class=\"elementor-accordion-icon elementor-accordion-icon-right\" aria-hidden=\"true\">\n\t\t\t\t\t\t\t\t\t\t\t\t\t\t\t<span class=\"elementor-accordion-icon-closed\"><svg class=\"e-font-icon-svg e-fas-plus\" viewBox=\"0 0 448 512\" xmlns=\"http:\/\/www.w3.org\/2000\/svg\"><path d=\"M416 208H272V64c0-17.67-14.33-32-32-32h-32c-17.67 0-32 14.33-32 32v144H32c-17.67 0-32 14.33-32 32v32c0 17.67 14.33 32 32 32h144v144c0 17.67 14.33 32 32 32h32c17.67 0 32-14.33 32-32V304h144c17.67 0 32-14.33 32-32v-32c0-17.67-14.33-32-32-32z\"><\/path><\/svg><\/span>\n\t\t\t\t\t\t\t\t<span class=\"elementor-accordion-icon-opened\"><svg class=\"e-font-icon-svg e-fas-minus\" viewBox=\"0 0 448 512\" xmlns=\"http:\/\/www.w3.org\/2000\/svg\"><path d=\"M416 208H32c-17.67 0-32 14.33-32 32v32c0 17.67 14.33 32 32 32h384c17.67 0 32-14.33 32-32v-32c0-17.67-14.33-32-32-32z\"><\/path><\/svg><\/span>\n\t\t\t\t\t\t\t\t\t\t\t\t\t\t<\/span>\n\t\t\t\t\t\t\t\t\t\t\t\t<a class=\"elementor-accordion-title\" tabindex=\"0\">Aleksandra M.<\/a>\n\t\t\t\t\t<\/div>\n\t\t\t\t\t<div id=\"elementor-tab-content-1432\" class=\"elementor-tab-content elementor-clearfix\" data-tab=\"2\" role=\"region\" aria-labelledby=\"elementor-tab-title-1432\"><p>&#8220;S obzirom na to da imam problema s probavom, odlu\u010dila sam se za visceralnu osteopatiju. Terapija mi je pomogla da se osje\u0107am mnogo bolje, a moj probavni sistem se zna\u010dajno popravio. Hvala Healing Centru na pomo\u0107i!&#8221;<\/p><\/div>\n\t\t\t\t<\/div>\n\t\t\t\t\t\t\t<div class=\"elementor-accordion-item\">\n\t\t\t\t\t<div id=\"elementor-tab-title-1433\" class=\"elementor-tab-title\" data-tab=\"3\" role=\"button\" aria-controls=\"elementor-tab-content-1433\" aria-expanded=\"false\">\n\t\t\t\t\t\t\t\t\t\t\t\t\t<span class=\"elementor-accordion-icon elementor-accordion-icon-right\" aria-hidden=\"true\">\n\t\t\t\t\t\t\t\t\t\t\t\t\t\t\t<span class=\"elementor-accordion-icon-closed\"><svg class=\"e-font-icon-svg e-fas-plus\" viewBox=\"0 0 448 512\" xmlns=\"http:\/\/www.w3.org\/2000\/svg\"><path d=\"M416 208H272V64c0-17.67-14.33-32-32-32h-32c-17.67 0-32 14.33-32 32v144H32c-17.67 0-32 14.33-32 32v32c0 17.67 14.33 32 32 32h144v144c0 17.67 14.33 32 32 32h32c17.67 0 32-14.33 32-32V304h144c17.67 0 32-14.33 32-32v-32c0-17.67-14.33-32-32-32z\"><\/path><\/svg><\/span>\n\t\t\t\t\t\t\t\t<span class=\"elementor-accordion-icon-opened\"><svg class=\"e-font-icon-svg e-fas-minus\" viewBox=\"0 0 448 512\" xmlns=\"http:\/\/www.w3.org\/2000\/svg\"><path d=\"M416 208H32c-17.67 0-32 14.33-32 32v32c0 17.67 14.33 32 32 32h384c17.67 0 32-14.33 32-32v-32c0-17.67-14.33-32-32-32z\"><\/path><\/svg><\/span>\n\t\t\t\t\t\t\t\t\t\t\t\t\t\t<\/span>\n\t\t\t\t\t\t\t\t\t\t\t\t<a class=\"elementor-accordion-title\" tabindex=\"0\">Nikola S.<\/a>\n\t\t\t\t\t<\/div>\n\t\t\t\t\t<div id=\"elementor-tab-content-1433\" class=\"elementor-tab-content elementor-clearfix\" data-tab=\"3\" role=\"region\" aria-labelledby=\"elementor-tab-title-1433\"><p>&#8220;Kao sportista, uvijek sam tra\u017eio na\u010dine da pobolj\u0161am svoju pokretljivost i performanse. Tretmani cuppinga i Osteopatije u Healing Centru su mi omogu\u0107ili da se oporavim br\u017ee i da se osje\u0107am bolje nego ikad. Definitivno bih preporu\u010dio svakom sportisti!&#8221;<\/p><\/div>\n\t\t\t\t<\/div>\n\t\t\t\t\t\t\t\t<\/div>\n\t\t\t\t\t\t<\/div>\n\t\t\t\t<\/div>\n\t\t\t\t\t<\/div>\n\t\t<\/div>\n\t\t\t\t<div class=\"elementor-column elementor-col-50 elementor-top-column elementor-element elementor-element-d62b084\" data-id=\"d62b084\" data-element_type=\"column\" data-e-type=\"column\">\n\t\t\t<div class=\"elementor-widget-wrap elementor-element-populated\">\n\t\t\t\t\t\t<div class=\"elementor-element elementor-element-85086a2 themeht-accordion elementor-widget elementor-widget-accordion\" data-id=\"85086a2\" data-element_type=\"widget\" data-e-type=\"widget\" data-widget_type=\"accordion.default\">\n\t\t\t\t<div class=\"elementor-widget-container\">\n\t\t\t\t\t\t\t<div class=\"elementor-accordion\">\n\t\t\t\t\t\t\t<div class=\"elementor-accordion-item\">\n\t\t\t\t\t<div id=\"elementor-tab-title-1391\" class=\"elementor-tab-title\" data-tab=\"1\" role=\"button\" aria-controls=\"elementor-tab-content-1391\" aria-expanded=\"false\">\n\t\t\t\t\t\t\t\t\t\t\t\t\t<span class=\"elementor-accordion-icon elementor-accordion-icon-right\" aria-hidden=\"true\">\n\t\t\t\t\t\t\t\t\t\t\t\t\t\t\t<span class=\"elementor-accordion-icon-closed\"><svg class=\"e-font-icon-svg e-fas-plus\" viewBox=\"0 0 448 512\" xmlns=\"http:\/\/www.w3.org\/2000\/svg\"><path d=\"M416 208H272V64c0-17.67-14.33-32-32-32h-32c-17.67 0-32 14.33-32 32v144H32c-17.67 0-32 14.33-32 32v32c0 17.67 14.33 32 32 32h144v144c0 17.67 14.33 32 32 32h32c17.67 0 32-14.33 32-32V304h144c17.67 0 32-14.33 32-32v-32c0-17.67-14.33-32-32-32z\"><\/path><\/svg><\/span>\n\t\t\t\t\t\t\t\t<span class=\"elementor-accordion-icon-opened\"><svg class=\"e-font-icon-svg e-fas-minus\" viewBox=\"0 0 448 512\" xmlns=\"http:\/\/www.w3.org\/2000\/svg\"><path d=\"M416 208H32c-17.67 0-32 14.33-32 32v32c0 17.67 14.33 32 32 32h384c17.67 0 32-14.33 32-32v-32c0-17.67-14.33-32-32-32z\"><\/path><\/svg><\/span>\n\t\t\t\t\t\t\t\t\t\t\t\t\t\t<\/span>\n\t\t\t\t\t\t\t\t\t\t\t\t<a class=\"elementor-accordion-title\" tabindex=\"0\">Ivan R.<\/a>\n\t\t\t\t\t<\/div>\n\t\t\t\t\t<div id=\"elementor-tab-content-1391\" class=\"elementor-tab-content elementor-clearfix\" data-tab=\"1\" role=\"region\" aria-labelledby=\"elementor-tab-title-1391\"><p>&#8220;Imam problema sa vratnom ki\u010dmom i u\u010destalim glavoboljama. Nakon \u0161to sam po\u010deo s Osteopatijom u Healing Centru, osje\u0107am se mnogo bolje. Tretmani su efikasni i brzo donose rezultate. Moje zdravlje je sada u mnogo boljem stanju.&#8221;<\/p><\/div>\n\t\t\t\t<\/div>\n\t\t\t\t\t\t\t<div class=\"elementor-accordion-item\">\n\t\t\t\t\t<div id=\"elementor-tab-title-1392\" class=\"elementor-tab-title\" data-tab=\"2\" role=\"button\" aria-controls=\"elementor-tab-content-1392\" aria-expanded=\"false\">\n\t\t\t\t\t\t\t\t\t\t\t\t\t<span class=\"elementor-accordion-icon elementor-accordion-icon-right\" aria-hidden=\"true\">\n\t\t\t\t\t\t\t\t\t\t\t\t\t\t\t<span class=\"elementor-accordion-icon-closed\"><svg class=\"e-font-icon-svg e-fas-plus\" viewBox=\"0 0 448 512\" xmlns=\"http:\/\/www.w3.org\/2000\/svg\"><path d=\"M416 208H272V64c0-17.67-14.33-32-32-32h-32c-17.67 0-32 14.33-32 32v144H32c-17.67 0-32 14.33-32 32v32c0 17.67 14.33 32 32 32h144v144c0 17.67 14.33 32 32 32h32c17.67 0 32-14.33 32-32V304h144c17.67 0 32-14.33 32-32v-32c0-17.67-14.33-32-32-32z\"><\/path><\/svg><\/span>\n\t\t\t\t\t\t\t\t<span class=\"elementor-accordion-icon-opened\"><svg class=\"e-font-icon-svg e-fas-minus\" viewBox=\"0 0 448 512\" xmlns=\"http:\/\/www.w3.org\/2000\/svg\"><path d=\"M416 208H32c-17.67 0-32 14.33-32 32v32c0 17.67 14.33 32 32 32h384c17.67 0 32-14.33 32-32v-32c0-17.67-14.33-32-32-32z\"><\/path><\/svg><\/span>\n\t\t\t\t\t\t\t\t\t\t\t\t\t\t<\/span>\n\t\t\t\t\t\t\t\t\t\t\t\t<a class=\"elementor-accordion-title\" tabindex=\"0\">Tamara L.<\/a>\n\t\t\t\t\t<\/div>\n\t\t\t\t\t<div id=\"elementor-tab-content-1392\" class=\"elementor-tab-content elementor-clearfix\" data-tab=\"2\" role=\"region\" aria-labelledby=\"elementor-tab-title-1392\"><p>&#8220;Tretmani akupunkture u Healing Centru su promijenili moj \u017eivot. Patila sam od hroni\u010dnih bolova u le\u0111ima, a sada sam gotovo potpuno bez bolova. Osim toga, osje\u0107am se energi\u010dnije i smirenije.&#8221;<\/p><\/div>\n\t\t\t\t<\/div>\n\t\t\t\t\t\t\t\t<\/div>\n\t\t\t\t\t\t<\/div>\n\t\t\t\t<\/div>\n\t\t\t\t\t<\/div>\n\t\t<\/div>\n\t\t\t\t\t<\/div>\n\t\t<\/section>\n\t\t\t\t<\/div>\n\t\t","protected":false},"excerpt":{"rendered":"<p>Marko P. &#8220;Posjetio sam Healing Centar zbog bolova u le\u0111ima koji su me mu\u010dili godinama. Nakon samo nekoliko tretmana Osteopatije, osje\u0107am ogromno pobolj\u0161anje. Osim \u0161to me prestao bol, povratila mi se energija i mnogo lak\u0161e obavljam svakodnevne aktivnosti. Toplo preporu\u010dujem!&#8221; Aleksandra M. &#8220;S obzirom na to da imam problema s probavom, odlu\u010dila sam se za [&hellip;]<\/p>\n","protected":false},"author":1,"featured_media":0,"parent":0,"menu_order":0,"comment_status":"closed","ping_status":"closed","template":"","meta":{"_acf_changed":false,"inline_featured_image":false,"footnotes":""},"class_list":["post-1029","page","type-page","status-publish","hentry"],"acf":[],"yoast_head":"<!-- This site is optimized with the Yoast SEO plugin v27.2 - https:\/\/yoast.com\/product\/yoast-seo-wordpress\/ -->\n<title>Testimonijali Healing Centar o tretmanima i terapijama<\/title>\n<meta name=\"description\" content=\"Pro\u010ditajte iskustva klijenata Healing Centra o kiropraktici, psihoterapiji, Reiki i drugim tretmanima koji pobolj\u0161avaju zdravlje.\" \/>\n<meta name=\"robots\" content=\"index, follow, max-snippet:-1, max-image-preview:large, max-video-preview:-1\" \/>\n<link rel=\"canonical\" href=\"https:\/\/healingcenter.me\/index.php\/testimonijali-healing-centar\/\" \/>\n<meta property=\"og:locale\" content=\"bs_BA\" \/>\n<meta property=\"og:type\" content=\"article\" \/>\n<meta property=\"og:title\" content=\"Testimonijali Healing Centar o tretmanima i terapijama\" \/>\n<meta property=\"og:description\" content=\"Pro\u010ditajte iskustva klijenata Healing Centra o kiropraktici, psihoterapiji, Reiki i drugim tretmanima koji pobolj\u0161avaju zdravlje.\" \/>\n<meta property=\"og:url\" content=\"https:\/\/healingcenter.me\/index.php\/testimonijali-healing-centar\/\" \/>\n<meta property=\"og:site_name\" content=\"ISPRAVI.SE\" \/>\n<meta property=\"article:modified_time\" content=\"2026-02-18T22:46:20+00:00\" \/>\n<meta name=\"twitter:card\" content=\"summary_large_image\" \/>\n<meta name=\"twitter:label1\" content=\"Est. reading time\" \/>\n\t<meta name=\"twitter:data1\" content=\"2 minute\" \/>\n<script type=\"application\/ld+json\" class=\"yoast-schema-graph\">{\"@context\":\"https:\/\/schema.org\",\"@graph\":[{\"@type\":\"WebPage\",\"@id\":\"https:\/\/healingcenter.me\/index.php\/testimonijali-healing-centar\/\",\"url\":\"https:\/\/healingcenter.me\/index.php\/testimonijali-healing-centar\/\",\"name\":\"Testimonijali Healing Centar o tretmanima i terapijama\",\"isPartOf\":{\"@id\":\"https:\/\/healingcenter.me\/#website\"},\"datePublished\":\"2023-02-28T10:29:14+00:00\",\"dateModified\":\"2026-02-18T22:46:20+00:00\",\"description\":\"Pro\u010ditajte iskustva klijenata Healing Centra o kiropraktici, psihoterapiji, Reiki i drugim tretmanima koji pobolj\u0161avaju zdravlje.\",\"breadcrumb\":{\"@id\":\"https:\/\/healingcenter.me\/index.php\/testimonijali-healing-centar\/#breadcrumb\"},\"inLanguage\":\"bs-BA\",\"potentialAction\":[{\"@type\":\"ReadAction\",\"target\":[\"https:\/\/healingcenter.me\/index.php\/testimonijali-healing-centar\/\"]}]},{\"@type\":\"BreadcrumbList\",\"@id\":\"https:\/\/healingcenter.me\/index.php\/testimonijali-healing-centar\/#breadcrumb\",\"itemListElement\":[{\"@type\":\"ListItem\",\"position\":1,\"name\":\"Home\",\"item\":\"https:\/\/healingcenter.me\/\"},{\"@type\":\"ListItem\",\"position\":2,\"name\":\"Testimonijali\"}]},{\"@type\":\"WebSite\",\"@id\":\"https:\/\/healingcenter.me\/#website\",\"url\":\"https:\/\/healingcenter.me\/\",\"name\":\"ISPRAVI.SE\",\"description\":\"HEALING CENTER MONTENEGRO\",\"publisher\":{\"@id\":\"https:\/\/healingcenter.me\/#organization\"},\"potentialAction\":[{\"@type\":\"SearchAction\",\"target\":{\"@type\":\"EntryPoint\",\"urlTemplate\":\"https:\/\/healingcenter.me\/?s={search_term_string}\"},\"query-input\":{\"@type\":\"PropertyValueSpecification\",\"valueRequired\":true,\"valueName\":\"search_term_string\"}}],\"inLanguage\":\"bs-BA\"},{\"@type\":\"Organization\",\"@id\":\"https:\/\/healingcenter.me\/#organization\",\"name\":\"Ispravi.se\",\"url\":\"https:\/\/healingcenter.me\/\",\"logo\":{\"@type\":\"ImageObject\",\"inLanguage\":\"bs-BA\",\"@id\":\"https:\/\/healingcenter.me\/#\/schema\/logo\/image\/\",\"url\":\"https:\/\/healingcenter.me\/wp-content\/uploads\/2023\/07\/Kiropraktika-f.jpg\",\"contentUrl\":\"https:\/\/healingcenter.me\/wp-content\/uploads\/2023\/07\/Kiropraktika-f.jpg\",\"width\":1080,\"height\":1080,\"caption\":\"Ispravi.se\"},\"image\":{\"@id\":\"https:\/\/healingcenter.me\/#\/schema\/logo\/image\/\"}}]}<\/script>\n<!-- \/ Yoast SEO plugin. -->","yoast_head_json":{"title":"Testimonijali Healing Centar o tretmanima i terapijama","description":"Pro\u010ditajte iskustva klijenata Healing Centra o kiropraktici, psihoterapiji, Reiki i drugim tretmanima koji pobolj\u0161avaju zdravlje.","robots":{"index":"index","follow":"follow","max-snippet":"max-snippet:-1","max-image-preview":"max-image-preview:large","max-video-preview":"max-video-preview:-1"},"canonical":"https:\/\/healingcenter.me\/index.php\/testimonijali-healing-centar\/","og_locale":"bs_BA","og_type":"article","og_title":"Testimonijali Healing Centar o tretmanima i terapijama","og_description":"Pro\u010ditajte iskustva klijenata Healing Centra o kiropraktici, psihoterapiji, Reiki i drugim tretmanima koji pobolj\u0161avaju zdravlje.","og_url":"https:\/\/healingcenter.me\/index.php\/testimonijali-healing-centar\/","og_site_name":"ISPRAVI.SE","article_modified_time":"2026-02-18T22:46:20+00:00","twitter_card":"summary_large_image","twitter_misc":{"Est. reading time":"2 minute"},"schema":{"@context":"https:\/\/schema.org","@graph":[{"@type":"WebPage","@id":"https:\/\/healingcenter.me\/index.php\/testimonijali-healing-centar\/","url":"https:\/\/healingcenter.me\/index.php\/testimonijali-healing-centar\/","name":"Testimonijali Healing Centar o tretmanima i terapijama","isPartOf":{"@id":"https:\/\/healingcenter.me\/#website"},"datePublished":"2023-02-28T10:29:14+00:00","dateModified":"2026-02-18T22:46:20+00:00","description":"Pro\u010ditajte iskustva klijenata Healing Centra o kiropraktici, psihoterapiji, Reiki i drugim tretmanima koji pobolj\u0161avaju zdravlje.","breadcrumb":{"@id":"https:\/\/healingcenter.me\/index.php\/testimonijali-healing-centar\/#breadcrumb"},"inLanguage":"bs-BA","potentialAction":[{"@type":"ReadAction","target":["https:\/\/healingcenter.me\/index.php\/testimonijali-healing-centar\/"]}]},{"@type":"BreadcrumbList","@id":"https:\/\/healingcenter.me\/index.php\/testimonijali-healing-centar\/#breadcrumb","itemListElement":[{"@type":"ListItem","position":1,"name":"Home","item":"https:\/\/healingcenter.me\/"},{"@type":"ListItem","position":2,"name":"Testimonijali"}]},{"@type":"WebSite","@id":"https:\/\/healingcenter.me\/#website","url":"https:\/\/healingcenter.me\/","name":"ISPRAVI.SE","description":"HEALING CENTER MONTENEGRO","publisher":{"@id":"https:\/\/healingcenter.me\/#organization"},"potentialAction":[{"@type":"SearchAction","target":{"@type":"EntryPoint","urlTemplate":"https:\/\/healingcenter.me\/?s={search_term_string}"},"query-input":{"@type":"PropertyValueSpecification","valueRequired":true,"valueName":"search_term_string"}}],"inLanguage":"bs-BA"},{"@type":"Organization","@id":"https:\/\/healingcenter.me\/#organization","name":"Ispravi.se","url":"https:\/\/healingcenter.me\/","logo":{"@type":"ImageObject","inLanguage":"bs-BA","@id":"https:\/\/healingcenter.me\/#\/schema\/logo\/image\/","url":"https:\/\/healingcenter.me\/wp-content\/uploads\/2023\/07\/Kiropraktika-f.jpg","contentUrl":"https:\/\/healingcenter.me\/wp-content\/uploads\/2023\/07\/Kiropraktika-f.jpg","width":1080,"height":1080,"caption":"Ispravi.se"},"image":{"@id":"https:\/\/healingcenter.me\/#\/schema\/logo\/image\/"}}]}},"_links":{"self":[{"href":"https:\/\/healingcenter.me\/index.php\/wp-json\/wp\/v2\/pages\/1029","targetHints":{"allow":["GET"]}}],"collection":[{"href":"https:\/\/healingcenter.me\/index.php\/wp-json\/wp\/v2\/pages"}],"about":[{"href":"https:\/\/healingcenter.me\/index.php\/wp-json\/wp\/v2\/types\/page"}],"author":[{"embeddable":true,"href":"https:\/\/healingcenter.me\/index.php\/wp-json\/wp\/v2\/users\/1"}],"replies":[{"embeddable":true,"href":"https:\/\/healingcenter.me\/index.php\/wp-json\/wp\/v2\/comments?post=1029"}],"version-history":[{"count":14,"href":"https:\/\/healingcenter.me\/index.php\/wp-json\/wp\/v2\/pages\/1029\/revisions"}],"predecessor-version":[{"id":5538,"href":"https:\/\/healingcenter.me\/index.php\/wp-json\/wp\/v2\/pages\/1029\/revisions\/5538"}],"wp:attachment":[{"href":"https:\/\/healingcenter.me\/index.php\/wp-json\/wp\/v2\/media?parent=1029"}],"curies":[{"name":"wp","href":"https:\/\/api.w.org\/{rel}","templated":true}]}}